se -2*y + v = 2*y. What is the units digit of y?
2
Let i be 3 - (3 - (2 - 0)). Suppose i*l - 307 = -3*g - 98, 0 = -3*g + 5*l + 244. Let v = g - 39. What is the tens digit of v?
3
Suppose -8 - 24 = -2*m. Suppose -r + 3*r = 4*g + 44, -5*g - m = -r. What is the tens digit of r?
2
Suppose -323 = -5*g + 4*k, 4*k = 2*g + g - 189. Suppose f + 14 = g. Let h = f - 15. What is the units digit of h?
8
Suppose -2*n - 2*s + 150 = 0, -5*s + 153 = 2*n - 0*n. Let x = -44 + 87. Let q = n - x. What is the tens digit of q?
3
Let s be 696/20*15/2. Let w = s + -186. Suppose -4*y = 5*a - w, 3*y - 52 - 11 = 3*a. What is the tens digit of y?
2
Suppose 5*x = 3*d - 4 - 6, 0 = d + x - 6. Suppose -2*q - 315 = -d*l + 329, -636 = -5*l - 2*q. What is the tens digit of l?
2
Suppose p + 3*r + 6 = 0, p - 3*p = 2*r. Suppose -3*b = 4*q - 510, -b = p*q - 121 - 259. What is the tens digit of q?
2
Let n = -301 - -412. What is the tens digit of n?
1
Let j = -19 - -28. Let p(v) = 2*v**2 - 13*v + 6. Let o be p(j). Suppose i + o = 5*i - l, -4*i = -3*l - 41. What is the units digit of i?
4
Let d be 23/5 - (66/(-15) + 5). Suppose y = d*f - 14 - 266, 0 = 2*f + 2*y - 150. What is the units digit of f?
1
Let j = 6235 - 1059. What is the hundreds digit of j?
1
Let y = -658 - -1263. What is the hundreds digit of y?
6
Let z(p) = 6 - 3 - 4 - p. Let y be z(-5). Suppose y*s - 20 = -w, -4*s - 160 = -6*w + 2*w. What is the tens digit of w?
3
Let x(g) = -14*g - 34. Let v(w) = 5*w + 11. Let c(b) = -11*v(b) - 4*x(b). Let k be c(-8). Let d = k + 6. What is the tens digit of d?
1
Suppose 2*r + 4*b - 348 = 0, r - 3*b = 2*b + 209. Suppose 7*z - 9*z + r = 0. What is the units digit of z?
2
Suppose 0 = 2*t - i + 3*i - 490, 0 = 3*t + 2*i - 735. What is the hundreds digit of t?
2
Let q(d) = -17*d**3 - d**2 + 21. What is the hundreds digit of q(-4)?
0
Suppose 184*x - 196*x + 41544 = 0. What is the units digit of x?
2
Let a = -571 - -869. What is the units digit of a?
8
Suppose 0 = 5*d + 2*l - 315, -3*d + 8*l - 5*l + 189 = 0. Suppose -2*p = -p + c - 61, c = p - d. What is the tens digit of p?
6
Let j be 7/(-14) - (-10)/4. Suppose -3*g = 2*z - 185 + 7, 5*g + j*z - 290 = 0. Suppose r = -r + g. What is the tens digit of r?
2
Let b(j) = 34*j + 39. Let r be b(9). Suppose 6*f - r = 855. What is the units digit of f?
0
Let a(v) = -4*v**3 + 11*v**2 + 5*v + 23. What is the units digit of a(-8)?
5
Suppose 13 = -56*n + 57*n. Let h be (-2)/1 - (-4 + 7). Let o = n - h. What is the tens digit of o?
1
What is the hundreds digit of (5/2)/(5/2490)?
2
Let t be 103*-2*(-1)/2. Suppose 2*c + 21 = x, -c + t = 3*x + c. What is the units digit of x?
1
Let g be (-2800)/21*1*3. What is the units digit of g/(-12) + 1/(-3)?
3
Suppose 33*z - 14050 = 8*z. What is the tens digit of z?
6
Let z = 866 + 1722. What is the units digit of z?
8
Let v(q) = q + 9. Let t be v(-8). Let x(f) = 57*f**2. What is the tens digit of x(t)?
5
Let c = 119 - 79. Suppose -4*a + c = a + 5*o, 3*o = -a + 18. Suppose -2*z - 3*b = -33, -5*b - 16 - 5 = -a*z. What is the tens digit of z?
1
Suppose 0 = -8*v + 24921 + 19087. What is the tens digit of v?
0
Let o(x) = 54*x + 50. Let d be o(9). Let i = d + -242. What is the units digit of i?
4
Suppose 3*z = 9, -23*n = -22*n - 2*z - 77. What is the units digit of n?
3
Suppose r + 0*r - 3*a = -4, 3*a - 16 = -5*r. Suppose 5*y + 90 = -r*h - 125, 0 = -y + 4*h - 65. What is the units digit of (-40)/12*y/6?
5
Suppose -4*q + 85 = -n - 38, -3*q - 3*n = -111. Let d = 37 + q. What is the tens digit of d?
6
Let s(a) = 2*a**2 - a - a**3 + 0*a**3 - 8*a**2. Suppose 5*c + 1 = -4*l - 9, -5*c - 2*l - 20 = 0. What is the units digit of s(c)?
6
Let k(j) = 4*j + 2. Let p be k(1). Suppose -3*i + 2*g + 8 = -p, g + 6 = i. Suppose -2*z + 80 = i*y, -y + 5*y = z - 25. What is the units digit of z?
7
Let w(u) = -u**3 + 2*u**3 - 8*u**2 + 10*u + 0*u**3 - 17 - 8*u**2. What is the tens digit of w(16)?
4
Let g be ((-348)/(-16))/((-4)/(-16)). Let b = 28 - g. Let v = 125 + b. What is the tens digit of v?
6
Let b = 2314 - -609. What is the units digit of b?
3
Suppose -74*f = 3*w - 72*f - 15105, 5*w = -f + 25182. What is the units digit of w?
7
Suppose 2*n - 186 = -g + 5*n, g - 190 = 5*n. What is the units digit of g?
0
Suppose 706 = 2*y - 2*q, -3*y + 0*q = 3*q - 1089. What is the units digit of y?
8
Let p(q) = q**2 + 6*q - 10. Let b = 5 - -2. What is the tens digit of p(b)?
8
Suppose -3*h + 957 = -0*h + 4*l, 4*h + 2*l - 1276 = 0. What is the units digit of h?
9
Let q(r) = -1873*r + 47. What is the units digit of q(-3)?
6
Let s = 69 - 42. What is the tens digit of 18/s - 158/(-6)?
2
Suppose -2*g = -4*g + 178. Let q = 124 - g. What is the units digit of q?
5
Let n = 8 - 23. Let s = 15 + n. Suppose -3*q - 3*q + 60 = s. What is the tens digit of q?
1
Suppose 4*b + 71 = k, -2*b + 0*k + 5*k = 49. Let q(r) = r**3 + 18*r**2 + 15*r + 16. What is the tens digit of q(b)?
5
Let j = 73 - 71. Suppose j*d - 6*b - 308 = -4*b, 0 = b + 2. What is the units digit of d?
2
Let r(y) = 4*y**3 + y**2 - 1. Let c be r(-1). What is the units digit of (-3)/((-12)/56) - c?
8
Suppose 0 = -5*s + 20, -5*x - s = -23 - 26. Suppose 3*u - x = 3. What is the units digit of u?
4
Let a(m) = m**2 - 4*m - 5. Let q be a(-3). Suppose q = -0*n + n - p, -12 = 3*p. What is the units digit of n?
2
Let o(d) = 4*d + 25. Let l be o(-4). Let i = l - -74. What is the units digit of i?
3
Let k(s) = -126*s - 122. What is the hundreds digit of k(-10)?
1
Let p = 854 - -1288. What is the units digit of p?
2
Suppose -64 = -3*o - 5*j, -5*o + 5*j + 160 = -0*o. Let u = 34 + o. What is the tens digit of u?
6
Let u be (-2*(-38)/(-4))/(1/(-3)). Let m = u - 8. What is the tens digit of m?
4
Let b be (-4)/(-6)*(-9)/(-6). Let c = b - -4. Suppose c*p = 8 + 2. What is the units digit of p?
2
Let s be ((-75)/9 - 3)/(16/(-1128)). Suppose -s = -12*v + 3437. What is the hundreds digit of v?
3
Suppose 2*g - 2 = 3*m, 2*g - 3*g - 8 = 3*m. Let d(f) = 14*f**2 + 3. What is the tens digit of d(g)?
5
Let w(c) = c**3 + 14*c**2 - 1. Let v be w(-14). Let r = 3 - v. Suppose r*a + 112 = 8*a. What is the tens digit of a?
2
Let a(x) = -127 - 21*x - 19*x + 150. What is the units digit of a(-5)?
3
Suppose 0 = 13*w - 88 - 68. Suppose -1724 - 1720 = -w*d. What is the tens digit of d?
8
Suppose 2*q - 13919 = 2363. What is the tens digit of (-6)/16 + q/56?
4
Let p = -72 - -38. Let b = 86 + p. What is the tens digit of b?
5
Let c be 34 + 2 + -3 + 1. Let v = c - 7. What is the units digit of 16/(-6)*v/(-4)?
8
Let v(c) = -4*c**2 + 0*c**2 + 7*c + 4*c**2 + c**2 + 13. Let i be v(-6). Let b(a) = a**2. What is the units digit of b(i)?
9
Let x(m) = -8*m - 1. Let q be x(1). Suppose -2*d - 92 = -7*v + 4*v, v - 29 = -d. Let k = v + q. What is the units digit of k?
1
Let x = 9 + -9. Suppose x = 5*r + 5*g - 85, -23 = -0*r - r + 2*g. Let b = r + -9. What is the units digit of b?
0
Suppose 119 = 4*y - 3*k, y - 2*k - 154 = -4*y. Suppose 2*u = 72 + y. What is the tens digit of u?
5
Suppose 5*p + 11 = t - 4*t, 0 = 3*p - t + 15. Let w be (-2)/(p - -2)*7. Let r = w - -6. What is the units digit of r?
3
Suppose -m - 9*k + 6*k = -2788, 13959 = 5*m - 4*k. What is the thousands digit of m?
2
Let x be (-6)/27 + 0 + 507/(-27). Let r(y) = 39*y + 1. Let i be r(1). Let n = x + i. What is the units digit of n?
1
Let t be 182/(-28) - 2/(-4). Let h be (-104)/6 - t/(-9). What is the units digit of (-6)/h + (-56)/(-3)?
9
Let a(p) be the third derivative of -p**7/1260 + p**6/240 - p**5/12 - 6*p**2. Let h(s) be the third derivative of a(s). What is the units digit of h(-6)?
7
Let x(z) = z**3 - 39*z**2 + 39*z + 254. What is the units digit of x(38)?
2
Let q = 41 + -37. What is the units digit of q/22 + 141/11?
3
Suppose -70 = -5*s - 5*n, 3*n + 0*n + 14 = s. Suppose -6 + s = 4*c. Suppose c*k - 36 = -2*k. What is the units digit of k?
9
Suppose -4*x - 2*q + 292 = 0, 0 = -2*x + 5*q + 95 + 63. Suppose -2*u + 16 = -x. What is the tens digit of u?
4
Let r(v) = -v**3 + 12*v**2 - 11*v + 12. Let o be r(11). Suppose -3*s - 3*b + 180 = 0, 2*s - b - 132 = -o. What is the tens digit of s?
6
Let t = -24 + 30. Suppose t*w - 25 = 5*w. What is the tens digit of w?
2
Let t be (70/(-21))/((-4)/666). What is the units digit of 2*t/21*7/2?
5
Let i = 1391 + -743. What is the tens digit of i?
4
Let d = -268